. What is the highest common factor of o and p?
1
Let j be ((-40)/(-50))/((-2)/(-440)). Let n = j + -55. Let g = -23 - -34. Calculate the highest common factor of g and n.
11
Let h(p) = p**3 - 6*p**2 + 7*p - 7. Let s be h(5). Calculate the greatest common factor of 15 and s.
3
Suppose -2 = s - 1. Let a be ((-24)/(-10))/(s/(-10)). Suppose -12 - 28 = -5*w. What is the highest common factor of a and w?
8
Let x be 2*(-4 - -3) - -5. Suppose x*w = -8 - 43. Let f = 3 - w. What is the highest common factor of 4 and f?
4
Suppose -4*j = 15 - 3. Let g = -6 - j. Let a be (g/(-4))/((-2)/(-192)). Calculate the greatest common divisor of 48 and a.
24
Suppose -f - 60 = -4*f. Suppose -6*r + 2*r = -f. What is the greatest common divisor of r and 10?
5
Let g = 86 + -78. Calculate the highest common divisor of g and 8.
8
Suppose 6*l = 3*l + 9, 0 = b + 4*l - 33. What is the highest common divisor of b and 7?
7
Suppose 13 = 5*f - 3*a, 3*a + 0 - 2 = 2*f. What is the highest common divisor of 55 and f?
5
Let m = 62 + -26. What is the greatest common divisor of 24 and m?
12
Let u(z) = 2*z**2 + 13*z + 11. Let s be 2/(1*3/(-12)). Let w be u(s). Let v = w + -24. What is the greatest common factor of 11 and v?
11
Suppose 289 = 2*z - 733. Let t = z + -275. Let g = -128 + t. Calculate the greatest common factor of g and 12.
12
Let a(n) = -18*n**3 - n - 1. Suppose -14 = -g + 5*p, -4*g + 3*p + 0*p = -5. Let s be a(g). Calculate the highest common divisor of s and 45.
9
Suppose -h - 2*h + 12 = 0. Suppose -3*s + h + 2 = 0. Suppose s*x + 11 = 3*x. What is the greatest common divisor of x and 99?
11
Let w(c) = 15*c**3 + 2*c**2 - 2*c. Let j be w(1). What is the highest common divisor of 135 and j?
15
Let y(d) = 2*d**2 - 7*d + 5. Let k be y(4). What is the highest common divisor of k and 9?
9
Let g(w) = -4*w**2 + 5*w**3 - 5 - 2*w**2 - 4*w**3 - 5*w. Let h be g(7). Calculate the greatest common divisor of 18 and h.
9
Suppose -4*j - 20 = -8*j. What is the highest common divisor of 40 and j?
5
Let c(r) = 8*r**2 + r - 2. Suppose q - 5 + 3 = -2*b, -q + 5*b - 12 = 0. Let y be c(q). What is the greatest common divisor of y and 4?
4
Suppose 5*o = 4*p - 4, -p + o = 3*o - 1. Let s be p*-3*2/(-6). Calculate the highest common factor of 11 and s.
1
Let w(q) = 15*q**3 - 1. Let j = 3 - 2. Let l be w(j). What is the highest common divisor of l and 14?
14
Let c be ((-8)/(-2))/(14/63). Let m be (2 + 0)/((-4)/34). Let r = m - -107. Calculate the greatest common factor of c and r.
18
Suppose -3*j = -5*i - 85, 5*j = -6*i + 2*i + 80. Let q be (-8)/j - 14/(-10). Let c be (3*q)/(2/4). What is the greatest common divisor of c and 3?
3
Suppose 0 = 3*f - 6*f + 108. Suppose -5*y + 18 = 3*r - 7, 3*r + 3*y = 15. Suppose -2*c + 17 + 1 = r. Calculate the greatest common factor of c and f.
9
Let q(l) = l**2 - 9*l - 13. Let i be q(11). Calculate the greatest common factor of i and 54.
9
Suppose -4*d + 5 = 13. Let l = -2 + d. Let u be ((-11)/2)/(l/8). What is the greatest common divisor of u and 11?
11
Let f = 6 - -71. Let x = f + -20. What is the greatest common factor of 38 and x?
19
Let y be 2*(-225)/(0 + -5). What is the greatest common divisor of y and 60?
30
Let c = 5 + -4. What is the greatest common divisor of c and 8?
1
Suppose 23 = 3*v - 5*x, -5*v + 11 = -2*v - 2*x. What is the highest common divisor of 7 and v?
1
Let k = -3 - -6. Let t(r) = 4*r + 2. Let m be t(k). Let c = m - 9. Calculate the greatest common factor of c and 15.
5
Let w = -5 - -14. Calculate the greatest common divisor of 99 and w.
9
Let c = 114 + -94. What is the greatest common divisor of c and 4?
4
Let i = -128 + 293. Calculate the highest common divisor of 15 and i.
15
Let i be ((-54)/(-21))/((-6)/(-28)). Calculate the highest common factor of i and 18.
6
Let w(p) = p**3 - 5*p**2 + 2*p. Let u be 2/((2 - 1)/(-1)). Let d be -2*(3/(-6) + u). Let r be w(d). Calculate the greatest common factor of 110 and r.
10
Let f = 38 + -24. Calculate the greatest common divisor of 2 and f.
2
Suppose -1 = -n - 2. Let s = n - -3. Suppose -s*h = 5 - 27. What is the greatest common factor of h and 1?
1
Suppose h - 2*h + 13 = 0. What is the highest common factor of h and 26?
13
Suppose 0 = 2*g + 2*i - 10, 3*g + 0 = -2*i + 13. Suppose -3*m + 4*k - 7 = -1, -4*m = k - 11. Let j = g - m. Calculate the highest common divisor of j and 1.
1
Let h(f) = 11*f - 4. Let u be h(4). What is the highest common divisor of 50 and u?
10
Let x(q) = 2*q**3 + q**3 + 3*q**3. Let b be x(1). Calculate the highest common divisor of b and 42.
6
Let s(x) = x**3 + 13*x**2 - 15*x - 13. Let r be s(-14). What is the highest common divisor of r and 5?
1
Let z be -1*(-23)/1 - -4. Calculate the highest common factor of z and 243.
27
Let l = -25 + 28. What is the greatest common factor of l and 3?
3
Suppose 0 = -2*p + g + 30 + 10, 3*g + 66 = 3*p. Let n be (1 + 0)/(5/100). Suppose 2*r - d - 6 = 2*d, 0 = 5*d - n. What is the highest common divisor of p and r?
9
Let u(d) = 11*d**2 - 4*d + 1. Let p be u(-3). Calculate the greatest common factor of p and 280.
56
Let z be ((-6)/(-15))/((-2)/(-360)). What is the highest common factor of 18 and z?
18
Suppose 2*v - 4 = 6. Suppose -v*t = -j - 99, -2*t - 5*j + 7 + 11 = 0. Calculate the highest common factor of 19 and t.
19
Let q = 2 + 1. Suppose -5*x = -q*x - 18. Calculate the greatest common divisor of x and 45.
9
Let h = 0 - -1. Let n be h + -1 + -2 - -14. What is the greatest common factor of 108 and n?
12
Let k = 42 + -23. What is the greatest common divisor of 76 and k?
19
Suppose 0*i = 4*i. Suppose i = -3*k + 2*k - j + 24, 4*k - 116 = j. Calculate the greatest common divisor of 7 and k.
7
Let s(t) = t**3 + 5*t**2 + 2. Let r = -1 + -4. Let w be s(r). Suppose -y + 28 = -w. What is the greatest common factor of y and 20?
10
Let r(c) = 49*c**2 - c - 2. Let l be r(-1). Calculate the greatest common factor of l and 32.
16
Suppose -3*q + 8 + 34 = 0. Let b = 118 + -20. Calculate the highest common divisor of q and b.
14
Suppose -5*m = 5*a - 175 - 45, m - a - 46 = 0. Calculate the highest common factor of 9 and m.
9
Suppose -3*s = 4*m - 12, -5*s + 2*m - 3 - 3 = 0. Suppose s*n = 2*n - 32. Suppose -2*f + n + 80 = 0. What is the greatest common divisor of 12 and f?
12
Let n be (-2)/(-2)*(-4 + 1). Let p be 1 + 1 - n*2. Calculate the highest common divisor of 56 and p.
8
Let o(f) = f**3 + 7*f**2 + 7*f - 5. Let x be o(-6). Let j = -23 - x. Let y be (-2)/(-8) - 1089/j. Calculate the highest common factor of y and 13.
13
Suppose 4*o - 161 = 595. Suppose 0 = -76*r + 82*r - 126. What is the greatest common factor of o and r?
21
Let i(b) = -2*b**3 - 3*b**2 + 3*b + 2. Let p = -14 - -11. Let a be i(p). Calculate the highest common factor of 30 and a.
10
Let j = 57 + 8. Calculate the highest common factor of 13 and j.
13
Let s = 1 + -1. Let q be (1 - s)*(-5 - -10). Calculate the greatest common divisor of q and 2.
1
Let w = 7 + 14. What is the highest common factor of 3 and w?
3
Let p = 47 + -25. Calculate the highest common factor of p and 44.
22
Suppose 3*y = 5*z - 349 - 182, -2*z = -y - 213. Calculate the greatest common divisor of 12 and z.
12
Suppose -m + 43 = -38. Suppose -4*f = -47 + 11. Calculate the greatest common factor of m and f.
9
Let h be -1 + 0 + 0 + 3. Let m be 2*(-5)/30*-33. Suppose t = m + 11. Calculate the greatest common divisor of t and h.
2
Let k be (3 + -6)/(6/(-50)). Let c(g) = -g**2 - 7*g - 2. Let j be c(-4). What is the greatest common factor of j and k?
5
Suppose 3 = -3*d + 39. Calculate the greatest common divisor of d and 6.
6
Let x = -1 + 8. Let o = -26 - -75. Calculate the greatest common divisor of x and o.
7
Let i be 22/(-77) - 186/(-14). Calculate the greatest common divisor of 65 and i.
13
Let r be (-1)/(-1) + (24 - (3 - 2)). Calculate the greatest common divisor of 264 and r.
24
Suppose -6*u - 53 = -137. Calculate the greatest common divisor of 21 and u.
7
Let a be (-2)/(-8)*58*2. Let p = a - 14. What is the highest common factor of p and 3?
3
Suppose 0 = i - 14 + 3. Suppose 2*q + 4*w = 74, -4*q + 0*q - 3*w = -138. Calculate the highest common divisor of i and q.
11
Suppose -5*m + 6 = -19. Suppose m*n = 99 + 1. Let q = 95 - 65. What is the highest common factor of n and q?
10
Suppose 2*o = -o + 57. What is the greatest common d